{"id":31,"date":"2023-12-31T18:41:30","date_gmt":"2023-12-31T18:41:30","guid":{"rendered":"https:\/\/www.jazykovekurzypraha.cz\/?page_id=31"},"modified":"2025-09-14T18:19:11","modified_gmt":"2025-09-14T18:19:11","slug":"pomaturitnistudium","status":"publish","type":"page","link":"https:\/\/www.jazykovekurzypraha.cz\/index.php\/pomaturitnistudium\/","title":{"rendered":"Pomaturitn\u00ed studium"},"content":{"rendered":"\t\t<div data-elementor-type=\"wp-page\" data-elementor-id=\"31\" class=\"elementor elementor-31\">\n\t\t\t\t\t\t<section class=\"elementor-section elementor-top-section elementor-element elementor-element-462bea5e elementor-section-height-min-height elementor-section-content-middle elementor-section-boxed elementor-section-height-default elementor-section-items-middle\" data-id=\"462bea5e\" data-element_type=\"section\" data-e-type=\"section\" data-settings=\"{&quot;background_background&quot;:&quot;classic&quot;}\">\n\t\t\t\t\t\t\t<div class=\"elementor-background-overlay\"><\/div>\n\t\t\t\t\t\t\t<div class=\"elementor-container elementor-column-gap-no\">\n\t\t\t\t\t<div class=\"elementor-column elementor-col-100 elementor-top-column elementor-element elementor-element-435e5363\" data-id=\"435e5363\" data-element_type=\"column\" data-e-type=\"column\" data-settings=\"{&quot;background_background&quot;:&quot;classic&quot;}\">\n\t\t\t<div class=\"elementor-widget-wrap elementor-element-populated\">\n\t\t\t\t\t\t<div class=\"elementor-element elementor-element-7d2f1e66 elementor-widget elementor-widget-heading\" data-id=\"7d2f1e66\" data-element_type=\"widget\" data-e-type=\"widget\" data-widget_type=\"heading.default\">\n\t\t\t\t<div class=\"elementor-widget-container\">\n\t\t\t\t\t<h1 class=\"elementor-heading-title elementor-size-default\">Pomaturitn\u00ed studium<\/h1>\t\t\t\t<\/div>\n\t\t\t\t<\/div>\n\t\t\t\t\t<\/div>\n\t\t<\/div>\n\t\t\t\t\t<\/div>\n\t\t<\/section>\n\t\t\t\t<section class=\"elementor-section elementor-top-section elementor-element elementor-element-4a61ae27 elementor-section-boxed elementor-section-height-default elementor-section-height-default\" data-id=\"4a61ae27\" data-element_type=\"section\" data-e-type=\"section\">\n\t\t\t\t\t\t\t<div class=\"elementor-background-overlay\"><\/div>\n\t\t\t\t\t\t\t<div class=\"elementor-container elementor-column-gap-no\">\n\t\t\t\t\t<div class=\"elementor-column elementor-col-100 elementor-top-column elementor-element elementor-element-70f2cc92\" data-id=\"70f2cc92\" data-element_type=\"column\" data-e-type=\"column\" data-settings=\"{&quot;background_background&quot;:&quot;classic&quot;}\">\n\t\t\t<div class=\"elementor-widget-wrap elementor-element-populated\">\n\t\t\t\t\t<div class=\"elementor-background-overlay\"><\/div>\n\t\t\t\t\t\t<div class=\"elementor-element elementor-element-2675e7fa elementor-widget-divider--separator-type-pattern elementor-widget-divider--view-line elementor-widget elementor-widget-divider\" data-id=\"2675e7fa\" data-element_type=\"widget\" data-e-type=\"widget\" data-widget_type=\"divider.default\">\n\t\t\t\t<div class=\"elementor-widget-container\">\n\t\t\t\t\t\t\t<div class=\"elementor-divider\" style=\"--divider-pattern-url: url(&quot;data:image\/svg+xml,%3Csvg xmlns=&#039;http:\/\/www.w3.org\/2000\/svg&#039; preserveAspectRatio=&#039;none&#039; overflow=&#039;visible&#039; height=&#039;100%&#039; viewBox=&#039;0 0 24 24&#039; fill=&#039;none&#039; stroke=&#039;black&#039; stroke-width=&#039;4&#039; stroke-linecap=&#039;square&#039; stroke-miterlimit=&#039;10&#039;%3E%3Cpolyline points=&#039;0,18 12,6 24,18 &#039;\/%3E%3C\/svg%3E&quot;);\">\n\t\t\t<span class=\"elementor-divider-separator\">\n\t\t\t\t\t\t<\/span>\n\t\t<\/div>\n\t\t\t\t\t\t<\/div>\n\t\t\t\t<\/div>\n\t\t\t\t<div class=\"elementor-element elementor-element-13a4ff39 elementor-widget elementor-widget-heading\" data-id=\"13a4ff39\" data-element_type=\"widget\" data-e-type=\"widget\" data-widget_type=\"heading.default\">\n\t\t\t\t<div class=\"elementor-widget-container\">\n\t\t\t\t\t<h3 class=\"elementor-heading-title elementor-size-default\">Pomaturitn\u00ed studium: Investice do budoucnosti, kter\u00e1 se vyplat\u00ed.<\/h3>\t\t\t\t<\/div>\n\t\t\t\t<\/div>\n\t\t\t\t<section class=\"elementor-section elementor-inner-section elementor-element elementor-element-79a0bb90 elementor-section-boxed elementor-section-height-default elementor-section-height-default\" data-id=\"79a0bb90\" data-element_type=\"section\" data-e-type=\"section\">\n\t\t\t\t\t\t<div class=\"elementor-container elementor-column-gap-no\">\n\t\t\t\t\t<div class=\"elementor-column elementor-col-50 elementor-inner-column elementor-element elementor-element-1c4165b1\" data-id=\"1c4165b1\" data-element_type=\"column\" data-e-type=\"column\">\n\t\t\t<div class=\"elementor-widget-wrap elementor-element-populated\">\n\t\t\t\t\t\t<div class=\"elementor-element elementor-element-5c8d0c14 elementor-widget elementor-widget-text-editor\" data-id=\"5c8d0c14\" data-element_type=\"widget\" data-e-type=\"widget\" data-widget_type=\"text-editor.default\">\n\t\t\t\t<div class=\"elementor-widget-container\">\n\t\t\t\t\t\t\t\t\t<p><span style=\"font-style: inherit; font-weight: inherit; letter-spacing: -0.6px;\">Ukon\u010den\u00ed st\u0159edn\u00ed \u0161koly je d\u016fle\u017eit\u00fdm miln\u00edkem, ale co d\u00e1l? Ne ka\u017ed\u00fd m\u00e1 po maturit\u011b hned jasno, zda pokra\u010dovat na vysokou \u0161kolu, za\u010d\u00edt pracovat nebo si d\u00e1t pauzu. Pro ty, kdo cht\u011bj\u00ed smyslupln\u011b vyu\u017e\u00edt n\u00e1sleduj\u00edc\u00ed rok a z\u00e1rove\u0148 si uchovat studentsk\u00e9 v\u00fdhody, existuje ide\u00e1ln\u00ed \u0159e\u0161en\u00ed \u2013 <a href=\"https:\/\/www.glossa.cz\/pomaturitni-studium-anglictiny\/\" target=\"_blank\" rel=\"noopener\">pomaturitn\u00ed studium<\/a>.<\/span><\/p><p>Pomaturitn\u00ed studium p\u0159edstavuje jednolet\u00e9 denn\u00ed studium ciz\u00edch jazyk\u016f, kter\u00e9 je ur\u010deno p\u0159edev\u0161\u00edm pro \u010derstv\u00e9 maturanty. V\u00fduka prob\u00edh\u00e1 ve v\u0161edn\u00ed dny, zpravidla \u010dty\u0159i vyu\u010dovac\u00ed hodiny denn\u011b, co\u017e znamen\u00e1 zhruba 500 hodin intenzivn\u00ed jazykov\u00e9 p\u0159\u00edpravy b\u011bhem jednoho \u0161koln\u00edho roku. Takov\u00e1 \u0161ance na intenzivn\u00ed zlep\u0161en\u00ed v\u00a0ciz\u00edm jazyce, jakou nab\u00edz\u00ed pomaturitn\u00ed studium, se u\u017e v\u00a0\u017eivot\u011b nemus\u00ed opakovat. V\u00a0tom je <a href=\"https:\/\/www.glossa.cz\/pomaturitni-studium-anglictiny\/\" target=\"_blank\" rel=\"noopener\">pomaturitn\u00ed studium<\/a> jedine\u010dn\u00e9. Pomaturitn\u00ed studium nab\u00edz\u00ed jazykov\u00e9 \u0161koly, kter\u00e9 k\u00a0tomu maj\u00ed p\u0159\u00edslu\u0161n\u00e9 st\u00e1tn\u00ed povolen\u00ed, to znamen\u00e1, \u017ee jsou za\u0159azen\u00e9 do vyhl\u00e1\u0161ky M\u0160MT \u010d. 19\/2014. Vyu\u010dov\u00e1n\u00ed vede kvalifikovan\u00fd t\u00fdm lektor\u016f, \u010dasto i rodil\u00fdch mluv\u010d\u00edch, a d\u016fraz se klade na praktick\u00e9 vyu\u017eit\u00ed jazyka v b\u011b\u017en\u00fdch situac\u00edch. Tento form\u00e1t umo\u017e\u0148uje student\u016fm rychle a efektivn\u011b zlep\u0161it sv\u00e9 jazykov\u00e9 schopnosti a posunout se na vy\u0161\u0161\u00ed jazykovou \u00farove\u0148.<\/p><p>Jednou z hlavn\u00edch v\u00fdhod, kterou pomaturitn\u00ed studium p\u0159in\u00e1\u0161\u00ed, je zachov\u00e1n\u00ed statusu studenta. Pokud maturant nastoup\u00ed do pomaturitn\u00edho studia, st\u00e1t mu i nad\u00e1le hrad\u00ed zdravotn\u00ed poji\u0161t\u011bn\u00ed, rodi\u010de mohou \u010derpat da\u0148ov\u00e9 \u00falevy a student m\u00e1 n\u00e1rok na slevy, nap\u0159\u00edklad na dopravu nebo vstupn\u00e9. Stejn\u011b jako na st\u0159edn\u00ed \u0161kole. To v\u0161e p\u0159i zachov\u00e1n\u00ed pravideln\u00e9ho denn\u00edho re\u017eimu a bez stresu spojen\u00e9ho s vysoko\u0161kolsk\u00fdm studiem.<\/p>\t\t\t\t\t\t\t\t<\/div>\n\t\t\t\t<\/div>\n\t\t\t\t\t<\/div>\n\t\t<\/div>\n\t\t\t\t<div class=\"elementor-column elementor-col-50 elementor-inner-column elementor-element elementor-element-703298b4\" data-id=\"703298b4\" data-element_type=\"column\" data-e-type=\"column\">\n\t\t\t<div class=\"elementor-widget-wrap elementor-element-populated\">\n\t\t\t\t\t\t<div class=\"elementor-element elementor-element-4360987a elementor-widget elementor-widget-text-editor\" data-id=\"4360987a\" data-element_type=\"widget\" data-e-type=\"widget\" data-widget_type=\"text-editor.default\">\n\t\t\t\t<div class=\"elementor-widget-container\">\n\t\t\t\t\t\t\t\t\t<p><span style=\"font-style: inherit; font-weight: inherit; letter-spacing: -0.6px;\">Jednolet\u00e9 denn\u00ed studium ciz\u00edch jazyk\u016f nen\u00ed jen mezikrok \u2013<br \/>pro mnoho mlad\u00fdch lid\u00ed je to kl\u00ed\u010dov\u00fd rok, b\u011bhem kter\u00e9ho si zlep\u0161\u00ed jazyk na \u00farove\u0148 pot\u0159ebnou pro studium v zahrani\u010d\u00ed, p\u0159\u00edpravu na jazykov\u00e9 certifik\u00e1ty nebo lep\u0161\u00ed pracovn\u00ed uplatn\u011bn\u00ed. \u010casto slou\u017e\u00ed i jako p\u0159\u00edprava na p\u0159ij\u00edmac\u00ed zkou\u0161ky na vysok\u00e9 \u0161koly nebo jako doba vhodn\u00e1 pro uv\u011bdom\u011bn\u00ed si vlastn\u00edch c\u00edl\u016f a sm\u011b\u0159ov\u00e1n\u00ed.<\/span><\/p><p>Rok str\u00e1ven\u00fd v pomaturitn\u00edm studiu nen\u00ed \u017e\u00e1dnou ztr\u00e1tou \u010dasu<br \/>\u2013 naopak. Je to obdob\u00ed, kdy se studenti mohou pln\u011b soust\u0159edit na sebe a sv\u016fj<br \/>rozvoj, bez tlaku a s dostate\u010dn\u00fdm veden\u00edm. Kvalitn\u00ed jazykov\u00e1 \u0161kola, kter\u00e1<br \/>nab\u00edz\u00ed omaturitn\u00ed studium, poskytuje nejen profesion\u00e1ln\u00ed v\u00fduku, ale tak\u00e9<br \/>motivuj\u00edc\u00ed prost\u0159ed\u00ed a individu\u00e1ln\u00ed p\u0159\u00edstup.<\/p><p>Na trhu p\u016fsob\u00ed mnoho jazykov\u00fdch \u0161kol, kter\u00e9 nab\u00edzej\u00ed <a href=\"https:\/\/www.glossa.cz\/pomaturitni-studium-anglictiny\/\" target=\"_blank\" rel=\"noopener\">pomaturitn\u00ed<\/a><br \/>studium r\u016fzn\u00fdch sv\u011btov\u00fdch jazyk\u016f \u2013 nej\u010dast\u011bji angli\u010dtinu, ale i n\u011bm\u010dinu,<br \/>francouz\u0161tinu, \u0161pan\u011bl\u0161tinu \u010di japon\u0161tinu. Ka\u017ed\u00e1 <a href=\"https:\/\/www.glossa.cz\/\" target=\"_blank\" rel=\"noopener\">jazykov\u00e1 \u0161kola<\/a> m\u00e1 svou<br \/>metodiku, zam\u011b\u0159en\u00ed a \u00farove\u0148 pokro\u010dilosti. D\u00edky t\u00e9to rozmanitosti si ka\u017ed\u00fd<br \/>student m\u016f\u017ee vybrat \u0161kolu, kter\u00e1 mu bude nejl\u00e9pe vyhovovat.<\/p><p>A\u0165 u\u017e pl\u00e1nujete studium na vysok\u00e9 \u0161kole, cestov\u00e1n\u00ed nebo<br \/>rovnou vstup do pracovn\u00edho \u017eivota, pomaturitn\u00ed studium v\u00e1m poskytne pevn\u00fd<br \/>z\u00e1klad, na kter\u00e9m lze stav\u011bt. Je to \u0161ance, jak vyu\u017e\u00edt rok po maturit\u011b<br \/>smyslupln\u011b, roz\u0161\u00ed\u0159it si obzory a zv\u00fd\u0161it svou hodnotu na trhu pr\u00e1ce.<\/p><p>Vyberte si jazykovou \u0161kolu, kter\u00e1 odpov\u00edd\u00e1 va\u0161im pot\u0159eb\u00e1m, a<br \/>dejte si rok pro sebe \u2013 rok r\u016fstu, u\u010den\u00ed a nov\u00fdch p\u0159\u00edle\u017eitost\u00ed. <a href=\"https:\/\/www.glossa.cz\/pomaturitni-studium-anglictiny\/\" target=\"_blank\" rel=\"noopener\">Pomaturitn\u00ed<\/a><br \/>studium nen\u00ed krok zp\u011bt, ale skok vp\u0159ed.<\/p>\t\t\t\t\t\t\t\t<\/div>\n\t\t\t\t<\/div>\n\t\t\t\t\t<\/div>\n\t\t<\/div>\n\t\t\t\t\t<\/div>\n\t\t<\/section>\n\t\t\t\t<div class=\"elementor-element elementor-element-786bf131 elementor-widget elementor-widget-image\" data-id=\"786bf131\" data-element_type=\"widget\" data-e-type=\"widget\" data-widget_type=\"image.default\">\n\t\t\t\t<div class=\"elementor-widget-container\">\n\t\t\t\t\t\t\t\t\t\t\t\t\t\t\t<img fetchpriority=\"high\" decoding=\"async\" width=\"450\" height=\"300\" src=\"https:\/\/www.jazykovekurzypraha.cz\/wp-content\/uploads\/2023\/12\/educator-img30.jpg\" class=\"attachment-large size-large wp-image-41\" alt=\"\" srcset=\"https:\/\/www.jazykovekurzypraha.cz\/wp-content\/uploads\/2023\/12\/educator-img30.jpg 450w, https:\/\/www.jazykovekurzypraha.cz\/wp-content\/uploads\/2023\/12\/educator-img30-300x200.jpg 300w\" sizes=\"(max-width: 450px) 100vw, 450px\" \/>\t\t\t\t\t\t\t\t\t\t\t\t\t\t\t<\/div>\n\t\t\t\t<\/div>\n\t\t\t\t<section class=\"elementor-section elementor-inner-section elementor-element elementor-element-28f5fdfb elementor-section-boxed elementor-section-height-default elementor-section-height-default\" data-id=\"28f5fdfb\" data-element_type=\"section\" data-e-type=\"section\">\n\t\t\t\t\t\t<div class=\"elementor-container elementor-column-gap-no\">\n\t\t\t\t\t<div class=\"elementor-column elementor-col-50 elementor-inner-column elementor-element elementor-element-31186eb8\" data-id=\"31186eb8\" data-element_type=\"column\" data-e-type=\"column\" data-settings=\"{&quot;background_background&quot;:&quot;classic&quot;}\">\n\t\t\t<div class=\"elementor-widget-wrap elementor-element-populated\">\n\t\t\t\t\t\t<div class=\"elementor-element elementor-element-5a0d8599 elementor-view-stacked elementor-position-inline-start elementor-widget__width-initial elementor-shape-circle elementor-mobile-position-block-start elementor-widget elementor-widget-icon-box\" data-id=\"5a0d8599\" data-element_type=\"widget\" data-e-type=\"widget\" data-widget_type=\"icon-box.default\">\n\t\t\t\t<div class=\"elementor-widget-container\">\n\t\t\t\t\t\t\t<div class=\"elementor-icon-box-wrapper\">\n\n\t\t\t\t\t\t<div class=\"elementor-icon-box-icon\">\n\t\t\t\t<span  class=\"elementor-icon\">\n\t\t\t\t<i aria-hidden=\"true\" class=\"icon icon-trophy1\"><\/i>\t\t\t\t<\/span>\n\t\t\t<\/div>\n\t\t\t\n\t\t\t\t\t\t<div class=\"elementor-icon-box-content\">\n\n\t\t\t\t\t\t\t\t\t<h4 class=\"elementor-icon-box-title\">\n\t\t\t\t\t\t<span  >\n\t\t\t\t\t\t\tSTATUS STUDENTA ROK PO MATURIT\u011a\t\t\t\t\t\t<\/span>\n\t\t\t\t\t<\/h4>\n\t\t\t\t\n\t\t\t\t\n\t\t\t<\/div>\n\t\t\t\n\t\t<\/div>\n\t\t\t\t\t\t<\/div>\n\t\t\t\t<\/div>\n\t\t\t\t\t<\/div>\n\t\t<\/div>\n\t\t\t\t<div class=\"elementor-column elementor-col-50 elementor-inner-column elementor-element elementor-element-6c003bd6\" data-id=\"6c003bd6\" data-element_type=\"column\" data-e-type=\"column\">\n\t\t\t<div class=\"elementor-widget-wrap\">\n\t\t\t\t\t\t\t<\/div>\n\t\t<\/div>\n\t\t\t\t\t<\/div>\n\t\t<\/section>\n\t\t\t\t\t<\/div>\n\t\t<\/div>\n\t\t\t\t\t<\/div>\n\t\t<\/section>\n\t\t\t\t<section class=\"elementor-section elementor-top-section elementor-element elementor-element-248554de elementor-section-boxed elementor-section-height-default elementor-section-height-default\" data-id=\"248554de\" data-element_type=\"section\" data-e-type=\"section\" data-settings=\"{&quot;background_background&quot;:&quot;classic&quot;}\">\n\t\t\t\t\t\t<div class=\"elementor-container elementor-column-gap-no\">\n\t\t\t\t\t<div class=\"elementor-column elementor-col-100 elementor-top-column elementor-element elementor-element-155b8fe8\" data-id=\"155b8fe8\" data-element_type=\"column\" data-e-type=\"column\" data-settings=\"{&quot;background_background&quot;:&quot;classic&quot;}\">\n\t\t\t<div class=\"elementor-widget-wrap\">\n\t\t\t\t\t<div class=\"elementor-background-overlay\"><\/div>\n\t\t\t\t\t\t\t<\/div>\n\t\t<\/div>\n\t\t\t\t\t<\/div>\n\t\t<\/section>\n\t\t\t\t<\/div>\n\t\t","protected":false},"excerpt":{"rendered":"<p>Pomaturitn\u00ed studium Pomaturitn\u00ed studium: Investice do budoucnosti, kter\u00e1 se vyplat\u00ed. Ukon\u010den\u00ed st\u0159edn\u00ed \u0161koly je d\u016fle\u017eit\u00fdm miln\u00edkem, ale co d\u00e1l? Ne ka\u017ed\u00fd m\u00e1 po maturit\u011b hned jasno, zda pokra\u010dovat na vysokou \u0161kolu, za\u010d\u00edt pracovat nebo si d\u00e1t pauzu. Pro ty, kdo cht\u011bj\u00ed smyslupln\u011b vyu\u017e\u00edt n\u00e1sleduj\u00edc\u00ed rok a z\u00e1rove\u0148 si uchovat studentsk\u00e9 v\u00fdhody, existuje ide\u00e1ln\u00ed \u0159e\u0161en\u00ed \u2013 [&hellip;]<\/p>\n","protected":false},"author":2,"featured_media":0,"parent":0,"menu_order":0,"comment_status":"closed","ping_status":"closed","template":"","meta":{"postBodyCss":"","postBodyMargin":[],"postBodyPadding":[],"postBodyBackground":{"backgroundType":"classic","gradient":""},"site-sidebar-layout":"no-sidebar","site-content-layout":"","ast-site-content-layout":"full-width-container","site-content-style":"default","site-sidebar-style":"default","ast-global-header-display":"","ast-banner-title-visibility":"","ast-main-header-display":"","ast-hfb-above-header-display":"","ast-hfb-below-header-display":"","ast-hfb-mobile-header-display":"","site-post-title":"disabled","ast-breadcrumbs-content":"","ast-featured-img":"disabled","footer-sml-layout":"","ast-disable-related-posts":"","theme-transparent-header-meta":"","adv-header-id-meta":"","stick-header-meta":"","header-above-stick-meta":"","header-main-stick-meta":"","header-below-stick-meta":"","astra-migrate-meta-layouts":"default","ast-page-background-enabled":"default","ast-page-background-meta":{"desktop":{"background-color":"var(--ast-global-color-4)","background-image":"","background-repeat":"repeat","background-position":"center center","background-size":"auto","background-attachment":"scroll","background-type":"","background-media":"","overlay-type":"","overlay-color":"","overlay-opacity":"","overlay-gradient":""},"tablet":{"background-color":"","background-image":"","background-repeat":"repeat","background-position":"center center","background-size":"auto","background-attachment":"scroll","background-type":"","background-media":"","overlay-type":"","overlay-color":"","overlay-opacity":"","overlay-gradient":""},"mobile":{"background-color":"","background-image":"","background-repeat":"repeat","background-position":"center center","background-size":"auto","background-attachment":"scroll","background-type":"","background-media":"","overlay-type":"","overlay-color":"","overlay-opacity":"","overlay-gradient":""}},"ast-content-background-meta":{"desktop":{"background-color":"var(--ast-global-color-5)","background-image":"","background-repeat":"repeat","background-position":"center center","background-size":"auto","background-attachment":"scroll","background-type":"","background-media":"","overlay-type":"","overlay-color":"","overlay-opacity":"","overlay-gradient":""},"tablet":{"background-color":"var(--ast-global-color-5)","background-image":"","background-repeat":"repeat","background-position":"center center","background-size":"auto","background-attachment":"scroll","background-type":"","background-media":"","overlay-type":"","overlay-color":"","overlay-opacity":"","overlay-gradient":""},"mobile":{"background-color":"var(--ast-global-color-5)","background-image":"","background-repeat":"repeat","background-position":"center center","background-size":"auto","background-attachment":"scroll","background-type":"","background-media":"","overlay-type":"","overlay-color":"","overlay-opacity":"","overlay-gradient":""}},"footnotes":""},"class_list":["post-31","page","type-page","status-publish","hentry"],"_links":{"self":[{"href":"https:\/\/www.jazykovekurzypraha.cz\/index.php\/wp-json\/wp\/v2\/pages\/31","targetHints":{"allow":["GET"]}}],"collection":[{"href":"https:\/\/www.jazykovekurzypraha.cz\/index.php\/wp-json\/wp\/v2\/pages"}],"about":[{"href":"https:\/\/www.jazykovekurzypraha.cz\/index.php\/wp-json\/wp\/v2\/types\/page"}],"author":[{"embeddable":true,"href":"https:\/\/www.jazykovekurzypraha.cz\/index.php\/wp-json\/wp\/v2\/users\/2"}],"replies":[{"embeddable":true,"href":"https:\/\/www.jazykovekurzypraha.cz\/index.php\/wp-json\/wp\/v2\/comments?post=31"}],"version-history":[{"count":24,"href":"https:\/\/www.jazykovekurzypraha.cz\/index.php\/wp-json\/wp\/v2\/pages\/31\/revisions"}],"predecessor-version":[{"id":5345,"href":"https:\/\/www.jazykovekurzypraha.cz\/index.php\/wp-json\/wp\/v2\/pages\/31\/revisions\/5345"}],"wp:attachment":[{"href":"https:\/\/www.jazykovekurzypraha.cz\/index.php\/wp-json\/wp\/v2\/media?parent=31"}],"curies":[{"name":"wp","href":"https:\/\/api.w.org\/{rel}","templated":true}]}}